) = r**2 + r - 2. Let c = 4 - 8. What is the remainder when y(c) is divided by 4?
2
Suppose -2*u = -0*u - 4. Suppose -l + u + 0 = 0. Calculate the remainder when 6 is divided by l.
0
Suppose -152 = 3*h - 7*h. Suppose 0 = 4*b - h + 14. Calculate the remainder when 11 is divided by b.
5
Suppose 0 = 2*y + 3*y - 45. Calculate the remainder when 25 is divided by y.
7
Calculate the remainder when ((-4)/(-10))/(12/900) is divided by 11.
8
Let s be ((-48)/(-40))/(3/10). Suppose s*l - 33 + 3 = -u, -u + 3 = -5*l. What is the remainder when u is divided by 5?
3
Let j(s) = -s**3 + 6*s**2 - s - 1. Let m be ((-2)/5)/(1/5). Calculate the remainder when (-2)/(m/56 + 0) is divided by j(5).
18
Let i = -32 + 48. Suppose 3*z = 4*b + 7, -2*z + 7 = -7*b + 2*b. Suppose v = -2*d + 16, 15 = 4*v - z. What is the remainder when i is divided by d?
4
Suppose j = -2*j + 144. Let z be j + 0/(3 + 0). Suppose 4*x = x + z. What is the remainder when 46 is divided by x?
14
Let y = 3 + -2. Let f be (3/2)/((-9)/12). Let x = 4 + f. What is the remainder when x is divided by y?
0
Let h(t) = 4*t + 62. Suppose -2 - 5 = -s. What is the remainder when s is divided by h(-15)?
1
Suppose 24 = 2*p - 10. Calculate the remainder when p is divided by 6.
5
Suppose 3 = 3*u + 5*t, -5*u = -t + 3*t - 5. Calculate the remainder when (0 + 1)*78 - u is divided by 20.
17
Suppose -q - 17 = -2*f - 6, 2*f = 2*q + 10. Let y(n) = 3*n**2 + n + 1. What is the remainder when y(-2) is divided by f?
5
Let l be (8/5)/(3/15). Let h be 17/4 + (-2)/l. What is the remainder when (-3 + -9)/((-6)/h) is divided by 3?
2
Let l(h) = -h + 16. What is the remainder when 37 is divided by l(6)?
7
Suppose 0 = 3*y - 9 - 582. Let v = y + -123. Calculate the remainder when v is divided by 19.
17
Suppose 3*r = 2*b + 4 - 18, b = 2*r + 8. Let n = 7 - b. Let v = 8 - n. What is the remainder when 8 is divided by v?
3
Let o be (-22)/(-6)*6/(-1). Let h = 15 - 27. Let i = h - o. Calculate the remainder when 27 is divided by i.
7
Let t = 146 - 67. Calculate the remainder when t is divided by 28.
23
Let k(b) = b**3 - 6*b**2 + 7*b. Suppose 0*a = 4*a - 80. Suppose -3*l + a = -64. What is the remainder when l is divided by k(5)?
8
Let f(s) = -s - 1. Let c be f(-1). What is the remainder when 11 is divided by (-5 + 1)*(c + -1)?
3
Let w(i) = i + 5. Suppose -2*u + u = 0. Calculate the remainder when 1 - (1 - 8*1) is divided by w(u).
3
Let k(i) = i**3 - i**2 + 7. Let y be k(0). Let s = y + -3. Calculate the remainder when 13 is divided by s.
1
Let x(z) = 3*z**2 - 2*z + 1. What is the remainder when x(-3) is divided by 35/3 - 9/(-27)?
10
Let l(k) = k + 6. Suppose -3 = -f - 1. Suppose f*t = t + 32. Calculate the remainder when t is divided by l(5).
10
Let p be -4 - -4 - (-2 - -2). Suppose p = 5*w - 41 - 39. What is the remainder when 62 is divided by w?
14
Let t(r) = 2*r**2 - 4*r + 2. Suppose -25 = -5*j + 145. What is the remainder when j is divided by t(4)?
16
Let r be 12/(-9)*(-9)/(-2). Let d(h) = -h**2 - 14*h - 1. Let i be d(r). Suppose -101 = -4*b + i. Calculate the remainder when b is divided by 13.
11
Let c be (-1 + 1)*3/(-6). Suppose -10 = f - 3*a - c, -2*f = -a - 5. What is the remainder when 7 is divided by f?
2
Let a be (-1 - 0)/((-1)/(-37)). Calculate the remainder when (a/(-2) - 0)*2 is divided by 13.
11
Let t = 14 + -1. What is the remainder when 48 is divided by t?
9
Suppose 0 = 2*n - 27 - 37. Calculate the remainder when n is divided by 12.
8
What is the remainder when 19 is divided by 4/(-10) + 374/85?
3
Let j(d) = -d**3 - d**2 + d + 52. Let i(o) = -4*o - 14. What is the remainder when j(0) is divided by i(-8)?
16
What is the remainder when 6 is divided by (-5)/((-60)/(-8))*27/(-6)?
0
Let b = -29 - -94. Let l = 2 - -15. Calculate the remainder when b is divided by l.
14
What is the remainder when 28 + -7 + 2/1 is divided by 54/7 - 4/(-14)?
7
Calculate the remainder when 24 is divided by (5/(-15))/(1/(-3))*13.
11
Calculate the remainder when (-23)/(-4*1 - -3) is divided by 6.
5
Let r(d) = d**2 - 3*d - 3. Calculate the remainder when 74 is divided by r(7).
24
Let y = -13 + 50. Calculate the remainder when y is divided by 8.
5
Suppose -4*r = 3*h + 14, -5*h + 6 + 19 = -3*r. Calculate the remainder when (h + (2 - 3))*41 is divided by 21.
20
Suppose -2*n + 72 = -28. Calculate the remainder when n is divided by (7/3 - -2)*3.
11
Let g = -16 + 58. What is the remainder when g is divided by 11?
9
Let b be (-13 - -4)*1/(-3). What is the remainder when 2 is divided by 2 + 1/b*0?
0
Suppose -d + 0*d + 4*x + 73 = 0, 4*d + 4*x - 352 = 0. Suppose 0 = -0*o - 5*o + d. What is the remainder when o is divided by ((-2)/(-4))/(7/126)?
8
Let z = -47 + 77. What is the remainder when 149 is divided by z?
29
Suppose 2*g - 68 = -24. Let s = 38 - g. What is the remainder when s is divided by 6?
4
Suppose 5*j = 4*j + 21. Calculate the remainder when j is divided by 9.
3
Let a(m) = m**3 + 10*m**2 - 3*m - 12. Calculate the remainder when 52 is divided by a(-10).
16
Suppose -2*f + 4 = -6. Suppose 10 = 2*u, 5*m - 32 = 3*m - 4*u. Suppose -m*v + 4*v = 2*x - 36, -f*v = 2*x - 48. Calculate the remainder when x is divided by 5.
4
Let o be 4/(-2) + (-31)/(-1). Suppose 3*c - o = -5. What is the remainder when 23 is divided by c?
7
Suppose 3*h - 7 - 36 = 5*t, 4*t = -2*h - 8. Calculate the remainder when 13 is divided by h.
1
Suppose 2*u = -0*u + 18. What is the remainder when u is divided by 3?
0
Let d(j) = -2*j**2 - 2. Let h be (6/(-4))/(9/12). Let g be d(h). Let f = g + 35. What is the remainder when f is divided by 9?
7
Let n be (-1)/(-2) + 27/6. Suppose 4*r + 53 = 5*v, 4*v = -n*r + 50 + 17. Calculate the remainder when v is divided by 5.
3
Let i = -43 + -3. Let n = 67 + i. Let a = 24 - 13. Calculate the remainder when n is divided by a.
10
Let t(w) = -w**3 + 7*w**2 + 5*w + 5. Let v be t(7). Calculate the remainder when (-1 + 25)*v/15 is divided by 22.
20
Suppose -h + 4 = -0*h. Suppose 2*b - 2 = h. Let y = b + 20. What is the remainder when y is divided by 12?
11
Let q be (1 - -1)/((-48)/(-18) + -3). Let t be (2/(-5))/((-2)/(-10)). Calculate the remainder when 55/15 + t/q is divided by 3.
1
Let d(i) = -5 - 4*i**2 - 2*i + 5*i**2 - 3*i + 4*i. Calculate the remainder when 44 is divided by d(5).
14
Let x be (0 - -10)*1/2. Suppose 4*q = x*a + 24, q - 18 = -3*a + 5. Let i(s) = -2*s**3 - 2*s**2 + s. What is the remainder when q is divided by i(-2)?
5
Let r(m) be the third derivative of -m**6/120 + m**5/12 + m**4/3 - m**3/3 - 2*m**2. What is the remainder when 18 is divided by r(6)?
8
Let x = 34 - 5. Let u(t) = t**3 - 2*t**2 - 4*t + 1. Let v be u(4). Suppose -w = -5*h + v, h = -7*w + 4*w + 29. Calculate the remainder when x is divided by w.
5
Let y = 11 - 3. Calculate the remainder when y is divided by (0 + -1)*(0 - 3).
2
Suppose -2*i - 4 = 2*r, 1 - 3 = 3*i + r. Let y be 1 + 3 - (i + -1). Let l(j) = j**3 - 5*j**2 + 2*j - 1. What is the remainder when 16 is divided by l(y)?
7
Suppose 71*f - 78*f + 168 = 0. Calculate the remainder when f is divided by -2*(1 + 11/(-2)).
6
Let x = 190 + -101. What is the remainder when x is divided by 30?
29
Let k(t) = 23*t**3 + t - 1. What is the remainder when 67 - 0/(-2 - -4) is divided by k(1)?
21
Suppose 0 = 3*x - x. Suppose -6 = 2*n + 5*k, -5*k - 8 = n - x*n. Let t(v) = 4*v**2 - v + 2. Calculate the remainder when 47 is divided by t(n).
15
Suppose -3*i + 222 + 3 = 0. Calculate the remainder when i is divided by (-4 - -2) + 34 + -6.
23
Let a = 45 - 32. What is the remainder when 48 is divided by a?
9
Let s(h) = -3*h**2 - 5. Let m(c) = -c**3 - 14*c**2 - c - 26. Let g(w) = -2*m(w) + 11*s(w). Calculate the remainder when g(4) is divided by 14.
11
Let u = 2 + 7. What is the remainder when u is divided by 7?
2
Suppose -2*c - 101 = -5*r, -3*c - 3*r - 330 = 2*c. Let z be (-3)/(-1 - 2) - c. Suppose 6 = 5*q - z. Calculate the remainder when q is divided by 5.
4
Suppose -245 = -h - 4*h. What is the remainder when h is divided by 13?
10
Let m = 20 + -6. Calculate the remainder when 41 is divided by m.
13
Let j(o) = o**3 + 13*o**2 - 19*o + 7. Calculate the remainder when j(-14) is divided by 26.
25
Let j(b) = -b - 4. Calculate the remainder when 15 is divided by j(-10).
3
Suppose -13*u + 103 = -40. Calculate the remainder when 19 is divided by u.
8
Su